 x*h + 0*h**2 + h**3 - 13*h + 4*h**2. Give s(-4).
-4
Let r = -194 + 220. Let g = -11 - -40. Let p = g - r. Let f(q) = -q**3 + 5*q**2 - 4*q + 3. What is f(p)?
9
Let m(p) = 12 + 8*p - 7 - 1 + p**2. Let b be m(-8). Let d(r) be the second derivative of -r**4/12 + r**3/3 - r**2/2 - 9*r. What is d(b)?
-9
Let r(f) = f**3 + 5*f**2 - 8*f - 5. Let t(o) = 3*o + 1. Let k be t(2). Let h(u) = 4*u - 13. Let b be h(k). Let c = b - 21. Calculate r(c).
7
Suppose -d + 91 = -3*r, 0 = -0*r - 3*r + 3*d - 93. Let z = r + 28. Let p be (3 + 1 + -5)*(z + 0). Let q(m) = m**3 - 3*m**2 + m + 1. What is q(p)?
-1
Let c(k) = k - 1. Let x be c(11). Suppose 3*v + x = -5*z + 7*v, z + 3 = v. Let j(r) = -6 - 6 + 4*r - z*r - 3*r. What is j(-7)?
-5
Let p(l) = -l**3 + 9*l**2 + 36*l + 9. Let r be p(12). Let d(t) = t**3 - 9*t**2 + 4*t - 30. Calculate d(r).
6
Let r = -10316 - -10317. Let u(j) = 45*j - 1. Determine u(r).
44
Let p(u) = 51*u**2 + 2*u - 1. Suppose 7*g = -0*g + 27 - 20. What is p(g)?
52
Suppose -2*m + 3*c = -19, 330*c - 329*c - 7 = -2*m. Let v(k) = 3*k - 26. Calculate v(m).
-11
Let a(n) be the second derivative of n**4/12 + n**3/6 + n**2 + 2*n - 3. Let u(j) = -2*j**2 + 4*j - 3. Let k(b) = -3*a(b) - u(b). Give k(-5).
7
Let n(p) = 50*p - 1. Let d(a) = -8*a - 70. Let r be d(-9). Determine n(r).
99
Let a(p) be the first derivative of p**6/120 - p**5/15 + p**4/6 + p**3/3 + 25*p**2 + 29. Let h(c) be the second derivative of a(c). Calculate h(2).
2
Let j(h) be the first derivative of -25*h**4/4 - h**2/2 + h - 2. Suppose 2*s + 772 = 4*u, -5*s + 365 = 5*u - 585. Let m = -191 + u. Give j(m).
-25
Let x(k) = -k**2 + 17*k - 12. Let r(s) = 2*s + 31. Let c be r(-12). Suppose -6*h + c*h - 37 = -2*p, p - 31 = -3*h. Determine x(p).
4
Let r(g) = g**3 - g + 10. Let w(t) = t**2 - 21*t + 3. Let o be w(18). Let l = o + 51. Determine r(l).
10
Let w(q) = -2*q + 9. Let u(p) = -10*p + 52. Let j(l) = 3*u(l) - 12*w(l). Calculate j(20).
-72
Suppose -58*n - 83 = 207. Let l(j) = -2*j**3 - 10*j**2 - 7. Determine l(n).
-7
Let n = 20 - -156. Let d = n - 183. Let j(f) = -32*f + 16*f + 8 + 17*f. Calculate j(d).
1
Let v(c) be the third derivative of -c**3 + 1/6*c**4 - 35*c + 0 + 2*c**2. Calculate v(4).
10
Let p(d) = -d**2 - 4*d + 1. Let w be p(-2). Suppose 0 = w*r + 25, r = 3*a - a - 1. Let b(f) = f**3 - f**2 - 3*f - 1. What is b(a)?
-7
Let k be (3/(45/(-12)))/((-2)/5). Let r(m) = -k + 5*m + 0 + 2*m - m. Let o(x) = -x**2 + 6*x - 3. Let z be o(5). Give r(z).
10
Let v(q) be the third derivative of q**5/60 + 7*q**4/8 + 4*q**3/3 - 70*q**2 - 8*q + 2. Determine v(-14).
-90
Let p(l) = l**2. Let z(o) = 4*o**2 - 10*o - 12. Let j(a) = 5*p(a) - z(a). Calculate j(-8).
-4
Let x(g) = g**2 - 35*g + 102. Let d be x(31). Let c = -14 + -14. Let o = c - d. Let k(n) = -n - 1. What is k(o)?
5
Let y(v) be the second derivative of v**5/120 + v**4/8 - 55*v**3/6 - 18*v. Let x(l) be the second derivative of y(l). Determine x(-5).
-2
Let v(t) = t**2 + 18*t + 20*t - 8*t + 1092 + 0*t**2 - 1066. Calculate v(-30).
26
Let r be 3 + (4 - 36/3) + 5. Let y(u) = 12*u + u**2 + u**2 - 13*u + r*u**2. Let b(a) = -a**3 - 2*a**2 + 2*a - 2. Let s be b(-3). Give y(s).
1
Let i(u) = -3 - u**3 - 4 + 2 + 2 + 4*u. Let s = -1333 + 1335. Calculate i(s).
-3
Let p(y) be the third derivative of 3*y**4/8 + 13*y**3/3 - 3130*y**2. Give p(-4).
-10
Let b(n) be the first derivative of n**5/40 + 13*n**4/24 - 80*n**3 + 99. Let c(l) be the third derivative of b(l). Determine c(-9).
-14
Let o(l) be the first derivative of 2*l**3/3 + l**2 - 2*l - 4. Let k(i) = -i**2 + 64*i - 621. Let t be k(12). Give o(t).
22
Let i(s) = 51*s**2 - 59*s - 25. Let w(u) = 70*u**2 - 79*u - 34. Let g(n) = 11*i(n) - 8*w(n). What is g(17)?
-3
Let r(t) be the second derivative of t**4/12 + 19*t**3/6 - 37*t**2/2 - 5*t + 29. What is r(-17)?
-71
Let x(j) = j**2 - 3*j + 8. Let a = -7134 + 7138. Determine x(a).
12
Let n(p) be the second derivative of -p**5/24 + p**4/8 + 5*p**3/6 - p**2 - 3*p - 30. Let s(o) be the second derivative of n(o). What is s(-3)?
18
Let d(k) = -4*k**2 - 3*k. Let f(u) = 5*u**2 + 2*u. Suppose -4*c + 9 = -3. Suppose -12 = -3*i, 2*w + 13 = 4*i + c. Let h(o) = w*f(o) + 4*d(o). What is h(-5)?
5
Let i be (51219/18)/21 + (-3)/2. Suppose 166 - i = 8*w. Let r(f) = -f**3 + 3*f**2 + 3*f - 6. Determine r(w).
-10
Let j(r) = -35*r**2 - 60*r + 3. Let a(u) = -11*u**2 - 22*u + 1. Let g(n) = 11*a(n) - 4*j(n). Let p be 9/(-15) - (-2)/(-5). Calculate g(p).
20
Let p(v) = -v**2 + 44*v + 1030. Let w be p(61). Let n(q) = -q**3 - 7*q**2 - 9*q - 5. Calculate n(w).
58
Let a be (-4 - 2)/((-18)/(-9)). Let x = -169 - -168. Let m(g) = -g + 1. Let v(p) = -p**2 + 12*p - 13. Let s(w) = a*m(w) + x*v(w). Give s(7).
-4
Suppose 291*c = 301*c - 20. Let n(f) = -6*f - f + f**c + 4*f - 5*f + 14 - f. Calculate n(6).
-4
Let j(m) = m + 9. Let l be j(0). Let b(q) be the first derivative of 10/3*q**3 - 4*q**2 - 15 - 11*q - 1/4*q**4. Calculate b(l).
-2
Let q(x) = 10*x - 30. Let m(z) = 12*z - 46. Let n(g) = -4*m(g) + 6*q(g). Calculate n(7).
88
Let x(o) = o**2 + o + 10. Suppose -16*h = -15*h - 4. Suppose 2*y + h = -g, 0 = 4*y - 4*g - 5 - 11. Suppose -3*s = -4*p, -3*p = -y*s - s. What is x(p)?
10
Let n(c) = 90*c + 20. Let i be n(-1). Let o be (-10)/60 - i/(-12). Let r(l) = -3*l - 12. Calculate r(o).
6
Let w(x) = -11*x**3 - x**2 + 7*x - 86. Let c(l) = 5*l**3 + l**2 - 3*l + 39. Let n(u) = 9*c(u) + 4*w(u). Calculate n(-5).
2
Let d(f) = -f**2 + 12*f - 37. Let l = 463 + -457. What is d(l)?
-1
Let y(c) = 3*c**2 - c - 1. Let i be (-76)/6*((7 - 15) + 5). Suppose 0 = i*a - 53*a - 15. Determine y(a).
3
Let t(s) = -s**3 - 70*s**2 + 21. Let h be t(-70). Let d(v) be the first derivative of -1/2*v**2 + h + 7*v. Give d(-7).
14
Let b(u) = -2*u + 6*u**2 + 5*u + 8 + u**3 - 8*u. Give b(-6).
38
Suppose -71*m = -67*m + 20. Let u(q) = -2*q**2 - 7*q - 7. Let r(g) = 2*g**2 + 7*g + 7. Let j(y) = -5*r(y) - 4*u(y). Calculate j(m).
-22
Let b(r) = 240*r + 2646. Let u be b(-11). Let n(f) = f + 7. Let w be n(-5). Let c(g) = 5*g + 0 - 3*g**3 + w*g**3 + 5 + 5*g**2. What is c(u)?
-1
Let o(s) be the third derivative of -s**6/120 - 17*s**5/60 - s**4/24 - 23*s**3/6 - 6*s**2 - 40. What is o(-17)?
-6
Let d(m) = -62*m - 16. Let c(u) = 213*u + 48. Let j(w) = -2*c(w) - 7*d(w). What is j(2)?
32
Let z(c) = c**2 - 6*c + 3. Suppose -2 = -d + m - 2*m, 2*m - 9 = -3*d. Let i be z(d). Let r(v) = 3 + 3 + v - 3. What is r(i)?
1
Suppose -12*s + 80 = -4*s. Suppose -7*x + s = -25. Let j(l) = l**3 - 5*l**2 + l. Give j(x).
5
Let m be -1 - 3 - (-9 + 3). Let p(s) = -11*s - s**3 + m - s + 11*s - 2*s**2. Determine p(-3).
14
Let h = -8120 - -8109. Let k(o) = 4*o + 53. Calculate k(h).
9
Let o(i) = -3*i - 46. Let h = -1484 + 1467. Calculate o(h).
5
Let w be (1 - 0)/(3/105*1). Let z = -32 + w. Let v(g) = -7*g + 3*g + g**2 - 2*g**2 - 5 + z. Determine v(-5).
-7
Let h(d) = d**3 - 7*d**2 + 2*d + 10. Let p(f) = 15*f + 150. Let y be p(-10). Suppose y = 4*m + 3*g - 34, -2*g - 24 = 13*m - 17*m. Give h(m).
24
Let a(n) = n**3 + 12*n**2 + 10. Let p be -2 - ((-7 - -1) + 1). Let u be 6 + -15 + -6 + p. Give a(u).
10
Let s(f) = 4*f**3 + 6*f**2 - 12*f + 5. Suppose 0 = -3*w - 10 + 1, 3*i = -w - 21. Let c(a) = 5*a**3 + 7*a**2 - 14*a + 6. Let l(d) = i*c(d) + 7*s(d). Give l(1).
-3
Let w be ((-6)/9)/(2/3). Let t(p) = 10*p**3 - 2*p - 1. Let h(k) = k**3 + k + 1. Let q(z) = w*t(z) - h(z). Determine q(1).
-10
Let a(q) = -q**2 - 11*q - 10. Let p(r) = r**3 - 4*r**2 - 2*r - 13. Let f be p(5). Suppose f*g + 5*z + 11 = 0, 0 = 7*g - 12*g - 3*z - 37. What is a(g)?
14
Let m(s) = -1034*s**2 + 26 + 2079*s**2 + 9*s - 1044*s**2. Determine m(-3).
8
Suppose 19 = -26*v + 409. Let r(b) = -b**3 + 16*b**2 - 13*b + 7. Give r(v).
37
Let t(w) = 4*w - 30. Suppose 2*i - 40*i = 39*i - 23*i. Calculate t(i).
-30
Let v be (-2 + (3 - 1))/(-2). Let a be -10*(v/4 + 1). Let g be 15/(-12)*(-4)/a*6. Let w(r) = r**3 + 2*r**2 - 4. Determine w(g).
-13
Suppose 204*v + 292 - 2807 = -299*v. Let j(b) = -b**3 - b**2 + b + 1. Let u(s) = 4*s**3 + 8*s**2 + 2*s - 5. Let k(d) = -5*j(d) - u(d). What is k(v)?
15
Let p(b) be the first derivative of 40 + 5*b - 1/2*b**2. Give p(-7).
12
Let u(j) = -3*j + 5. Let s = 105 + -101. Let x(a) be the first derivative of 2*a**2 - 6*a - 4. Let d(b) = s*x(b) + 5*u(b). Determine d(-6).
-5
Let x(g) = 9*g**3 + 43*g**2 + 1. Let w(a